3*u + 3*q - 13, 3*u - 8 = -4*q. Suppose 69 = 5*t + u. Suppose 2933 = -12*p + t*p. Is p composite?
True
Suppose 5*p + 3 - 16 = 4*x, p = x + 2. Suppose 0 = 3*y + 15, 3*y - 7 = -u + p*y. Is 2*3/(-18) - 2020/u a composite number?
False
Let w(a) = 648*a - 42. Let p be w(-15). Let t = -5903 - p. Is t prime?
False
Let w(a) = 3*a**2 - 7*a + 3. Let l = 74 + -51. Let d = l - 20. Is w(d) a prime number?
False
Is ((-2)/6)/(7/(-268611)) prime?
True
Suppose 28174523 = 19*k + 86*k - 8*k. Is k composite?
True
Let s = 13072 - 7789. Let n = -129 + 132. Suppose -6*x - n*x = -s. Is x composite?
False
Suppose -2*m - 13 + 49 = 0. Is 3/m*(3 + 28983) a composite number?
False
Let r(x) = -x**2 + 4*x + 4. Let n = 13 + -9. Let o be r(n). Suppose m + o*m - 15095 = 0. Is m a prime number?
True
Let u(j) = j**3 - 27*j**2 - 91*j + 33. Let v be u(30). Is 2/(-6) + (196461/27 - v) a prime number?
False
Is ((-77)/(-22) - 5)/(15/(-663730)) a composite number?
False
Let r(o) = 2604*o - 53. Let f be r(6). Let p = f + -11090. Is p a prime number?
True
Let y(s) = -s**3 + 7*s**2 + 10*s - 20. Let v be y(9). Let w = 44 + v. Let g = 85 + w. Is g a prime number?
True
Let l be (-7)/3 + 2 + (-28)/6. Let g(b) = 218*b**2 + 15*b + 6. Is g(l) a composite number?
False
Let h(x) = x**2 - 14*x - 40. Let o(p) = 6*p**3 - 2*p**2 + 1. Let y be o(1). Suppose y*a = 4*z + 77, -3*z = a + 3*a - 74. Is h(a) a prime number?
True
Let a(f) = -727*f**3 - f**2 + f + 13. Let r(g) = 1453*g**3 + 2*g**2 - 4*g - 27. Let t(h) = -7*a(h) - 4*r(h). Is t(-2) prime?
True
Suppose -18*d - 16*d = -21*d - 35347. Is d composite?
False
Let m = 2183 - -1730. Suppose -5852 = 3*a - 6*a + 2*w, 2*a = -w + m. Is a a composite number?
True
Suppose 1138545 = 16613*j - 16604*j. Is j a composite number?
True
Suppose -69866 = -2*b - 2*o, -30 = -5*o + 10*o. Is b composite?
False
Let u(x) = x**3 + 6*x**2 + 13*x + 18. Let p be u(-4). Let v(b) = 2306*b**2 + 4*b + 11. Is v(p) a prime number?
True
Let q be (-3)/4*(-16)/6. Suppose -3*b - q*x + 5848 = 2*x, 3*b + 5*x = 5843. Let n = b - 325. Is n a prime number?
False
Let m be ((-4)/(-24))/(1/3)*-8. Is m + 4 + 953 + 6 prime?
False
Let k(z) = 5*z**3 - 5*z**2 + 7*z + 13. Let l be k(8). Let b = -3301 + l. Let m = 1835 - b. Is m composite?
True
Let g = -468 + 1562. Suppose g = 5*y - 3*y. Suppose -4*d = y - 2711. Is d prime?
True
Let f(c) = 46*c**3 - 6*c**2 - 26*c + 159. Is f(11) a composite number?
False
Suppose 2480*u - 2466*u - 12782 = 0. Is u composite?
True
Let f(l) = -2*l**3 + 3*l**2 - l - 7. Let g be f(-2). Let b = -19 + g. Suppose 3*a - 782 = 2*j + 107, -4*a + 1152 = b*j. Is a prime?
True
Let u = -158 + 156. Let z(y) = 3617*y**2 - 5*y - 4. Is z(u) prime?
False
Suppose -3*x - 5*k = -4*x - 15, 3*x = -2*k + 23. Suppose -80 = -x*d - 95. Is 20/15 + (-65)/d a composite number?
False
Suppose -32195 = q - 85702. Is q a prime number?
True
Let z(x) = x**3 - x**2 + 5*x + 110129. Is z(0) a prime number?
True
Let b(y) = 162*y + 64. Let a be b(5). Suppose 14 = 4*w + 34, 3*p + 4*w = a. Is p composite?
True
Is (-830)/(-166)*99563/5 composite?
False
Suppose 153 = 3*t + 5*v, 159 = 4*t - 3*v - 74. Is 3/t*7 + 19477/8 prime?
False
Let g = 186 - 188. Is 1/g*(1 + -3)*631 prime?
True
Let n = -28176 - -30928. Let r = 2289 - 1473. Suppose 8*k = r + n. Is k composite?
True
Let v(b) = 1710*b**2 + 21*b - 41. Let o be 8/6 - (-14)/21*1. Is v(o) a prime number?
True
Suppose k - 69 = 5*o - 0*k, 3 = -3*k. Let p be (-38)/o + ((-308)/(-49) - 6). Suppose 2*b - p - 431 = 0. Is b a prime number?
False
Let r be (-15075902)/(-690) + (-4)/30. Suppose 13*o - r = 10*o. Is o a composite number?
False
Let r = 82 - 50. Suppose -10*j + 18*j - r = 0. Suppose 81 = -j*z + 229. Is z composite?
False
Let o = 247603 + -107790. Is o a composite number?
False
Let j(n) = 15*n + 4. Suppose 27 = 7*m + 6. Suppose o - 3 - m = 0. Is j(o) prime?
False
Suppose 53544 = 4*y + 5*u, 2*y + u = 6*u + 26802. Is y a prime number?
False
Let k = 2160 + -11027. Let q = 16734 + k. Is q a prime number?
True
Suppose -194 = -8*q + 22. Let k be 742/63 + 6/q. Let s(z) = z**3 + 13*z**2 - 10*z + 11. Is s(k) composite?
False
Let i(y) = -2*y**3 + 9*y**2 + 15*y + 45. Let f be i(-6). Let p = -267 - -2017. Let d = p - f. Is d composite?
False
Suppose 0 = 4*g - 15 + 7. Let h(n) = 0 + 7 - 6*n + 12*n**g + 0. Is h(10) a prime number?
False
Is (7 + -15)*1621449/180*(-15)/6 a composite number?
False
Suppose -9*h + 177797 = 5*d - 11*h, 0 = -3*d - 4*h + 106673. Suppose 3*s - 2*f = -0*s + d, s = 4*f + 11863. Is s prime?
False
Suppose -3*c - 5*t + 424176 = 0, 8*c + 282800 = 10*c - 2*t. Is c a composite number?
False
Suppose -292 = -2*v - 492. Is (25/v)/(3/(-383844)) prime?
False
Let f(u) = 124*u**3 + 2*u**2 - 43*u + 182. Is f(7) a prime number?
False
Let t = -19794 + 194477. Is t a prime number?
False
Let d(w) = 5*w**2 - 20*w + 13. Let t be d(-20). Suppose 19*s = 18*s + t. Is s composite?
True
Suppose -2*b = -2*d + 10109 + 8817, -3*d + 4*b + 28385 = 0. Is d prime?
True
Let x = -293617 - -927066. Is x a prime number?
True
Let q(r) be the first derivative of -r**4/4 + 32*r**3/3 + r**2 + r - 39. Is q(32) composite?
True
Let q(h) = -89882*h + 5549. Is q(-10) prime?
True
Let h = 398544 + -10963. Is h a composite number?
True
Let m(z) = z**3 + 8*z**2 + 7*z + 3. Let u be m(-7). Let a(f) = 940*f + 0 - 6*f - u + 6. Is a(1) a prime number?
True
Let h = -1492 + 8469. Is h prime?
True
Suppose 183*v - 193*v + 3091210 = 0. Is v composite?
False
Suppose 3*t - 4*z - 29 = 0, t + 5*z = 2*t - 28. Suppose -t*v + 94455 = 12*v. Is v composite?
True
Let y = -572345 + 1060878. Is y composite?
True
Suppose 5*t - 547251 = -d, 5*t - 547267 = 3*d - 0*d. Is t prime?
True
Suppose -14*u = 7696 + 452. Let v = u + 1855. Is v a prime number?
False
Let u = 896 + -1441. Let f = -254 - 554. Let b = u - f. Is b a prime number?
True
Let m = 126 + -122. Suppose 2*g - 233 = -m*d + 123, 0 = -2*g - 2*d + 364. Suppose 0 = 2*h - a - g, -111 = -h - 4*a + 9*a. Is h prime?
False
Let d be 30897/(-10 - -1) - -7. Let r = -1787 - d. Is r a composite number?
True
Let j(s) = 827*s**2 - 23*s - 9. Let p(u) = -u + 3. Let q(m) = j(m) - 5*p(m). Is q(-5) composite?
True
Let n(z) = -10*z**3 - 2*z**2 - 3*z - 26. Let o be n(-7). Is (-1)/((-1 - (-3330)/o)/(-1)) a composite number?
False
Let d(t) = t**3 + 37*t**2 + 3*t - 30. Let z be d(-15). Suppose -5*o - 2*i = -12185, -4*i + 5*i - z = -2*o. Is o a prime number?
False
Suppose 0 = -4*r - 9 + 13, -p - 5*r - 27821 = 0. Let t = 49488 + p. Is t prime?
False
Suppose 2*c = -2*x + 30, -2*x + c = 3 - 39. Let u(r) = -r**3 - 6*r**2 - 9*r - 6. Let o be u(-7). Let h = o - x. Is h composite?
False
Suppose 5*i = -40, -4*g = -5*i - 1166790 - 258222. Is g prime?
True
Let a(k) = 9*k**3 - 16*k**2 + 31*k - 33. Let y = -212 + 226. Is a(y) a prime number?
True
Let t(g) = 24*g**2 - 11*g + 34. Let w be t(8). Suppose 4*r + w = 2*j, -3749 = -5*j + 5*r - 6*r. Let z = j - -290. Is z a composite number?
False
Let i = 20714 - 10335. Is i a composite number?
True
Let x = -204 + 256. Suppose -21699 = x*i - 55*i. Is i composite?
True
Let t(p) = -19 - 32 + 48 + 397*p**2. Is t(4) prime?
False
Is 4069/(-1252)*1438*-2 a composite number?
True
Let v(g) = 15*g - 91. Let r be v(12). Suppose -r*u + 90*u = 15815. Is u a composite number?
True
Suppose -38*g - 387574 = -6155556. Is g composite?
True
Let m = 263 + -269. Is (-8 + -606)/(m/(-9)*-3) a prime number?
True
Suppose -39 = -7*n - 11. Let f be n/8 - 453/2. Let d = 2933 + f. Is d a composite number?
False
Let k be 2 - 0/(15/(-3)). Suppose 0 = k*x - p - 3, 2*x - 15 = 4*x + 5*p. Is 3*(1 + x) - -1130 a prime number?
False
Suppose 0 = -25*v + 6*v. Suppose v = i - 4*u - 29, -u - 51 = -3*i + 2*u. Let x(q) = 257*q + 48. Is x(i) prime?
True
Suppose 34*r = 31*r + 543. Is 15 + (1 - 11) + (r - 1) composite?
True
Suppose g = 4*o + 789171, -11*o = 4*g - 9*o - 3156756. Is g a prime number?
False
Let f(g) = 26*g - 22 - 15 - 7*g + 7. Suppose -t + 3*a = -11 + 7, 0 = 2*t - a - 33. Is f(t) a composite number?
False
Let s(r) be the second derivative of 11*r**6/360 + r**5/40 - r**4/24 + 11*r**3/6 + 7*r. Let i(b) be the second derivative of s(b). Is i(6) a composite number?
True
Let l(c) = -246*c + 21. Let o be l(6). Let s = o - 385. Let h = s - -2661. Is h a composite number?
False
Let p = -527656 - -898121.